{"id":74,"date":"2024-02-05T15:36:43","date_gmt":"2024-02-05T14:36:43","guid":{"rendered":"https:\/\/www.amc-jablonec.cz\/?page_id=74"},"modified":"2024-05-13T15:45:19","modified_gmt":"2024-05-13T13:45:19","slug":"kralovna","status":"publish","type":"page","link":"https:\/\/www.amc-jablonec.cz\/?page_id=74","title":{"rendered":"Kr\u00e1lovna"},"content":{"rendered":"\n<h6 class=\"wp-block-heading\">Kr\u00e1lovnou Andsk\u00e9 fytoterapie je bezpochyby Vilcacora. Uncaria tomentosa je li\u00e1nou rostouc\u00ed v p\u0159\u00edrod\u011b v d\u017eungl\u00edch Ji\u017en\u00ed a St\u0159edn\u00ed Ameriky. Ale s ohledem na specifick\u00e9 slo\u017een\u00ed p\u016fdy, atmosf\u00e9rick\u00e9 podm\u00ednky a rostliny rostouc\u00ed v sousedstv\u00ed, zasluhuje Vilcacora &#8211; \u010dili Uncaria tomentosa &#8211; rostouc\u00ed v peru\u00e1nsk\u00e9 Montanii nejv\u011bt\u0161\u00ed pozornost. Jej\u00ed biologicky aktivn\u00ed slo\u017eky jsou ji\u017e mnoho let p\u0159edm\u011btem z\u00e1jmu v\u011bdc\u016f r\u016fzn\u00fdch odv\u011btv\u00ed: l\u00e9ka\u0159\u016f, farmakolog\u016f a botanik\u016f. Nejd\u016fle\u017eit\u011bj\u0161\u00ed skupinou biologicky aktivn\u00edch substanc\u00ed tvo\u0159\u00ed alkaloidy. Ve Vilcaco\u0159e se nach\u00e1zej\u00ed dv\u011b skupiny alkaloid\u016f, indolov\u00e9 a oxindolov\u00e9. Cenn\u00e9 jsou i jin\u00e9 substance aktivn\u00ed farmakologicky, takov\u00e9 jak: polyfenoly, steroly, glykozidy kyseliny chinolinov\u00e9, terpeny a jejich deriv\u00e1ty a jin\u00e9 aktivn\u00ed slou\u010deniny. Hlavn\u00edmi alkaloidy jsou hirsutin, hirsutein a dihydrocorynantein (indolov\u00e9 alkaloidy). Hirsutin je silnou slou\u010deninou s charakterem antivirov\u00fdm, uvol\u0148uje hladk\u00e9 svalstvo, \u010d\u00edm\u017e <strong>sni\u017euje krevn\u00ed tlak<\/strong>, <strong>p\u016fsob\u00ed proti k\u0159e\u010d\u00edm, chr\u00e1n\u00ed sliznici tr\u00e1v\u00edc\u00edho traktu, p\u0159edch\u00e1z\u00ed vzniku v\u0159edov\u00e9ho onemocn\u011bn\u00ed \u017ealudku<\/strong> a m\u00e1 vlastnosti znecitlivuj\u00edc\u00ed. <\/h6>\n\n\n\n<h6 class=\"wp-block-heading\">Alkaloidy oxindolov\u00e9 vysoce <strong>aktivizuj\u00ed imunitn\u00ed syst\u00e9m<\/strong>, zvl\u00e1\u0161t\u011b pak mechanizmy odpov\u011bdn\u00e9 za <strong>odolnost v\u016f\u010di vir\u016fm a novotvar\u016fm<\/strong>. Maj\u00ed antiprolifera\u010dn\u00ed vlastnosti ve vztahu k leukoidn\u00edm bun\u011b\u010dn\u00fdm lini\u00edm. P\u016fsob\u00ed t\u00e9\u017e na nervov\u00fd syst\u00e9m, <strong>sni\u017euj\u00ed krevn\u00ed tlak<\/strong>, <strong>uvol\u0148uj\u00ed nap\u011bt\u00ed<\/strong>, <strong>povzbuzuj\u00ed dechovou aktivitu<\/strong>, <strong>maj\u00ed \u00fa\u010dinky antipyretick\u00e9 a protiz\u00e1n\u011btliv\u00e9<\/strong>. N\u011bkter\u00e9 glykozidy izolovan\u00e9 z U. tomentosa jsou slou\u010deninami s vlastnostmi antivirov\u00fdmi a protiz\u00e1n\u011btliv\u00fdmi. Kyselina ursulov\u00e1 a oleanolov\u00e1 maj\u00ed vlastnosti antioxyda\u010dn\u00ed. Kyselina ursulov\u00e1 p\u0159i klinick\u00fdch testech vykazuje velmi <strong>siln\u00e9 antiprolifera\u010dn\u00ed vlastnosti<\/strong> a <strong>indukuje apoptosu (sebezni\u010den\u00ed) v novotvarov\u00fdch bun\u011b\u010dn\u00fdch lini\u00edch rakoviny plic, rakoviny vaje\u010dn\u00edk\u016f, rakoviny k\u016f\u017ee, mozkov\u00fdch n\u00e1dor\u016f, rakoviny tra\u010dn\u00edku, rakoviny \u017ealudku, melanom\u016f a leuk\u00e9mie<\/strong>. <\/h6>\n\n\n\n<h6 class=\"wp-block-heading\">Steroly obsa\u017een\u00e9 v U. tomentosa se vykazuj\u00ed \u00fa\u010dinky protiz\u00e1n\u011btliv\u00fdmi. Taniny p\u016fsob\u00ed pozitivn\u011b na motoriku st\u0159evn\u00ed a \u017elu\u010dov\u00fdch cest, mimo to maj\u00ed antioxyda\u010dn\u00ed a digestivn\u00ed \u00fa\u010dinek a u mnoha osob bud\u00ed chu\u0165 k j\u00eddlu. Flavonoidy <strong>zabra\u0148uj\u00ed vzniku novotvar\u016f<\/strong>, maj\u00ed <strong>ochrann\u00fd vliv na c\u00e9vn\u00ed syst\u00e9m<\/strong>, maj\u00ed vlastnosti protiz\u00e1n\u011btliv\u00e9 a tak\u00e9 siln\u00e9 \u00fa\u010dinky antioxyda\u010dn\u00ed. Vodn\u00ed extrakty vilcacory vyvol\u00e1vaj\u00ed apoptosu (to znamen\u00e1 sebezni\u010den\u00ed novotvarov\u00fdch bun\u011bk) a siln\u011b brzd\u00ed proliferaci lidsk\u00fdch n\u00e1dorov\u00fdch bun\u011bk leukemie a linie bun\u011bk lymfomu B, stimuluj\u00ed makrof\u00e1gy plicn\u00edch alveol\u016f k produkci velice d\u016fle\u017eit\u00fdch <strong>substanc\u00ed reguluj\u00edc\u00edch imunitn\u00ed syst\u00e9m<\/strong>: cytokin (interleukin 1 a 6), co\u017e dokazuje jejich siln\u00e9 vlastnosti imunostimula\u010dn\u00ed. <\/h6>\n\n\n\n<h6 class=\"wp-block-heading\">Maj\u00ed t\u00e9\u017e siln\u00e9 vlastnosti protiz\u00e1n\u011btliv\u00e9 a cytoprotektivn\u00ed. Metanolov\u00e9 v\u00fdta\u017eky U. tomentosa maj\u00ed vlastnosti antioxyda\u010dn\u00ed. Vilcacora je netoxick\u00e1. LD 50 pro Vilcacoru p\u0159edstavuje 16 g\/kg t\u011blesn\u00e9 hmotnosti. Prepar\u00e1ty U. tomentosa byly zaregistrov\u00e1ny k prodeji a aplikaci mimo jin\u00e9 v Argentin\u011b, Rakousku, Rusk\u00e9 federaci, \u0160pan\u011blsku, Kanad\u011b, SRN, Peru, USA, Venezuele, Velk\u00e9 Brit\u00e1nii, Polsku a v It\u00e1lii. Prepar\u00e1ty Vilcacory jsou pou\u017e\u00edv\u00e1ny hlavn\u011b v situac\u00edch <strong>poruchy imunitn\u00edho syst\u00e9mu (alergie, revmatoidn\u00ed z\u00e1n\u011bty kloub\u016f) i jako podp\u016frn\u00e1 terapie p\u0159i n\u00e1dorov\u00fdch onemocn\u011bn\u00edch (zm\u00edr\u0148uj\u00edc\u00ed n\u00e1sledky chemo a radioterapie)<\/strong>, pod\u00e1van\u00e9 obvykle p\u0159ed a po cyklech chemo a radioterapie a tak\u00e9 jako prepar\u00e1t p\u0159i l\u00e9\u010db\u011b nemocn\u00fdch se \u0161patnou progn\u00f3zou, nekvalifikuj\u00edc\u00edch se k radik\u00e1ln\u00ed l\u00e9\u010db\u011b.<\/h6>\n","protected":false},"excerpt":{"rendered":"<p>Kr\u00e1lovnou Andsk\u00e9 fytoterapie je bezpochyby Vilcacora. Uncaria tomentosa je li\u00e1nou rostouc\u00ed v p\u0159\u00edrod\u011b v d\u017eungl\u00edch Ji\u017en\u00ed a St\u0159edn\u00ed Ameriky. Ale s ohledem na specifick\u00e9 slo\u017een\u00ed p\u016fdy, atmosf\u00e9rick\u00e9 podm\u00ednky a rostliny rostouc\u00ed v sousedstv\u00ed, zasluhuje Vilcacora &#8211; \u010dili Uncaria tomentosa &#8211; rostouc\u00ed v peru\u00e1nsk\u00e9 Montanii nejv\u011bt\u0161\u00ed pozornost. Jej\u00ed biologicky aktivn\u00ed slo\u017eky jsou ji\u017e mnoho let p\u0159edm\u011btem [&hellip;]<\/p>\n","protected":false},"author":1,"featured_media":0,"parent":0,"menu_order":0,"comment_status":"closed","ping_status":"closed","template":"","meta":{"_monsterinsights_skip_tracking":false,"_monsterinsights_sitenote_active":false,"_monsterinsights_sitenote_note":"","_monsterinsights_sitenote_category":0,"footnotes":""},"yoast_head":"<!-- This site is optimized with the Yoast SEO plugin v21.9.1 - https:\/\/yoast.com\/wordpress\/plugins\/seo\/ -->\n<title>Kr\u00e1lovna - Andsk\u00e1 fytoterapie<\/title>\n<meta name=\"robots\" content=\"index, follow, max-snippet:-1, max-image-preview:large, max-video-preview:-1\" \/>\n<link rel=\"canonical\" href=\"https:\/\/www.amc-jablonec.cz\/?page_id=74\" \/>\n<meta property=\"og:locale\" content=\"cs_CZ\" \/>\n<meta property=\"og:type\" content=\"article\" \/>\n<meta property=\"og:title\" content=\"Kr\u00e1lovna - Andsk\u00e1 fytoterapie\" \/>\n<meta property=\"og:description\" content=\"Kr\u00e1lovnou Andsk\u00e9 fytoterapie je bezpochyby Vilcacora. Uncaria tomentosa je li\u00e1nou rostouc\u00ed v p\u0159\u00edrod\u011b v d\u017eungl\u00edch Ji\u017en\u00ed a St\u0159edn\u00ed Ameriky. Ale s ohledem na specifick\u00e9 slo\u017een\u00ed p\u016fdy, atmosf\u00e9rick\u00e9 podm\u00ednky a rostliny rostouc\u00ed v sousedstv\u00ed, zasluhuje Vilcacora &#8211; \u010dili Uncaria tomentosa &#8211; rostouc\u00ed v peru\u00e1nsk\u00e9 Montanii nejv\u011bt\u0161\u00ed pozornost. Jej\u00ed biologicky aktivn\u00ed slo\u017eky jsou ji\u017e mnoho let p\u0159edm\u011btem [&hellip;]\" \/>\n<meta property=\"og:url\" content=\"https:\/\/www.amc-jablonec.cz\/?page_id=74\" \/>\n<meta property=\"og:site_name\" content=\"Andsk\u00e1 fytoterapie\" \/>\n<meta property=\"article:modified_time\" content=\"2024-05-13T13:45:19+00:00\" \/>\n<meta name=\"twitter:card\" content=\"summary_large_image\" \/>\n<meta name=\"twitter:label1\" content=\"Odhadovan\u00e1 doba \u010dten\u00ed\" \/>\n\t<meta name=\"twitter:data1\" content=\"3 minuty\" \/>\n<script type=\"application\/ld+json\" class=\"yoast-schema-graph\">{\"@context\":\"https:\/\/schema.org\",\"@graph\":[{\"@type\":\"WebPage\",\"@id\":\"https:\/\/www.amc-jablonec.cz\/?page_id=74\",\"url\":\"https:\/\/www.amc-jablonec.cz\/?page_id=74\",\"name\":\"Kr\u00e1lovna - Andsk\u00e1 fytoterapie\",\"isPartOf\":{\"@id\":\"https:\/\/www.amc-jablonec.cz\/#website\"},\"datePublished\":\"2024-02-05T14:36:43+00:00\",\"dateModified\":\"2024-05-13T13:45:19+00:00\",\"breadcrumb\":{\"@id\":\"https:\/\/www.amc-jablonec.cz\/?page_id=74#breadcrumb\"},\"inLanguage\":\"cs\",\"potentialAction\":[{\"@type\":\"ReadAction\",\"target\":[\"https:\/\/www.amc-jablonec.cz\/?page_id=74\"]}]},{\"@type\":\"BreadcrumbList\",\"@id\":\"https:\/\/www.amc-jablonec.cz\/?page_id=74#breadcrumb\",\"itemListElement\":[{\"@type\":\"ListItem\",\"position\":1,\"name\":\"Home\",\"item\":\"https:\/\/www.amc-jablonec.cz\/\"},{\"@type\":\"ListItem\",\"position\":2,\"name\":\"Kr\u00e1lovna\"}]},{\"@type\":\"WebSite\",\"@id\":\"https:\/\/www.amc-jablonec.cz\/#website\",\"url\":\"https:\/\/www.amc-jablonec.cz\/\",\"name\":\"Andsk\u00e1 fytoterapie\",\"description\":\"\",\"potentialAction\":[{\"@type\":\"SearchAction\",\"target\":{\"@type\":\"EntryPoint\",\"urlTemplate\":\"https:\/\/www.amc-jablonec.cz\/?s={search_term_string}\"},\"query-input\":\"required name=search_term_string\"}],\"inLanguage\":\"cs\"}]}<\/script>\n<!-- \/ Yoast SEO plugin. -->","yoast_head_json":{"title":"Kr\u00e1lovna - Andsk\u00e1 fytoterapie","robots":{"index":"index","follow":"follow","max-snippet":"max-snippet:-1","max-image-preview":"max-image-preview:large","max-video-preview":"max-video-preview:-1"},"canonical":"https:\/\/www.amc-jablonec.cz\/?page_id=74","og_locale":"cs_CZ","og_type":"article","og_title":"Kr\u00e1lovna - Andsk\u00e1 fytoterapie","og_description":"Kr\u00e1lovnou Andsk\u00e9 fytoterapie je bezpochyby Vilcacora. Uncaria tomentosa je li\u00e1nou rostouc\u00ed v p\u0159\u00edrod\u011b v d\u017eungl\u00edch Ji\u017en\u00ed a St\u0159edn\u00ed Ameriky. Ale s ohledem na specifick\u00e9 slo\u017een\u00ed p\u016fdy, atmosf\u00e9rick\u00e9 podm\u00ednky a rostliny rostouc\u00ed v sousedstv\u00ed, zasluhuje Vilcacora &#8211; \u010dili Uncaria tomentosa &#8211; rostouc\u00ed v peru\u00e1nsk\u00e9 Montanii nejv\u011bt\u0161\u00ed pozornost. Jej\u00ed biologicky aktivn\u00ed slo\u017eky jsou ji\u017e mnoho let p\u0159edm\u011btem [&hellip;]","og_url":"https:\/\/www.amc-jablonec.cz\/?page_id=74","og_site_name":"Andsk\u00e1 fytoterapie","article_modified_time":"2024-05-13T13:45:19+00:00","twitter_card":"summary_large_image","twitter_misc":{"Odhadovan\u00e1 doba \u010dten\u00ed":"3 minuty"},"schema":{"@context":"https:\/\/schema.org","@graph":[{"@type":"WebPage","@id":"https:\/\/www.amc-jablonec.cz\/?page_id=74","url":"https:\/\/www.amc-jablonec.cz\/?page_id=74","name":"Kr\u00e1lovna - Andsk\u00e1 fytoterapie","isPartOf":{"@id":"https:\/\/www.amc-jablonec.cz\/#website"},"datePublished":"2024-02-05T14:36:43+00:00","dateModified":"2024-05-13T13:45:19+00:00","breadcrumb":{"@id":"https:\/\/www.amc-jablonec.cz\/?page_id=74#breadcrumb"},"inLanguage":"cs","potentialAction":[{"@type":"ReadAction","target":["https:\/\/www.amc-jablonec.cz\/?page_id=74"]}]},{"@type":"BreadcrumbList","@id":"https:\/\/www.amc-jablonec.cz\/?page_id=74#breadcrumb","itemListElement":[{"@type":"ListItem","position":1,"name":"Home","item":"https:\/\/www.amc-jablonec.cz\/"},{"@type":"ListItem","position":2,"name":"Kr\u00e1lovna"}]},{"@type":"WebSite","@id":"https:\/\/www.amc-jablonec.cz\/#website","url":"https:\/\/www.amc-jablonec.cz\/","name":"Andsk\u00e1 fytoterapie","description":"","potentialAction":[{"@type":"SearchAction","target":{"@type":"EntryPoint","urlTemplate":"https:\/\/www.amc-jablonec.cz\/?s={search_term_string}"},"query-input":"required name=search_term_string"}],"inLanguage":"cs"}]}},"_links":{"self":[{"href":"https:\/\/www.amc-jablonec.cz\/index.php?rest_route=\/wp\/v2\/pages\/74"}],"collection":[{"href":"https:\/\/www.amc-jablonec.cz\/index.php?rest_route=\/wp\/v2\/pages"}],"about":[{"href":"https:\/\/www.amc-jablonec.cz\/index.php?rest_route=\/wp\/v2\/types\/page"}],"author":[{"embeddable":true,"href":"https:\/\/www.amc-jablonec.cz\/index.php?rest_route=\/wp\/v2\/users\/1"}],"replies":[{"embeddable":true,"href":"https:\/\/www.amc-jablonec.cz\/index.php?rest_route=%2Fwp%2Fv2%2Fcomments&post=74"}],"version-history":[{"count":4,"href":"https:\/\/www.amc-jablonec.cz\/index.php?rest_route=\/wp\/v2\/pages\/74\/revisions"}],"predecessor-version":[{"id":108,"href":"https:\/\/www.amc-jablonec.cz\/index.php?rest_route=\/wp\/v2\/pages\/74\/revisions\/108"}],"wp:attachment":[{"href":"https:\/\/www.amc-jablonec.cz\/index.php?rest_route=%2Fwp%2Fv2%2Fmedia&parent=74"}],"curies":[{"name":"wp","href":"https:\/\/api.w.org\/{rel}","templated":true}]}}